{"id":1872,"date":"2020-06-09T14:40:53","date_gmt":"2020-06-09T14:40:53","guid":{"rendered":"https:\/\/www.fms.com.es\/inicio\/?page_id=1872"},"modified":"2021-07-20T08:13:58","modified_gmt":"2021-07-20T08:13:58","slug":"pdd-online","status":"publish","type":"page","link":"https:\/\/www.fms.com.es\/inicio\/pdd-online\/","title":{"rendered":"PDD Online"},"content":{"rendered":"<p>[vc_row css=\u00bb.vc_custom_1591545297095{margin-right: 0px !important;margin-left: 0px !important;border-right-width: 0px !important;border-left-width: 0px !important;padding-top: 30px !important;padding-right: 0px !important;padding-bottom: 30px !important;padding-left: 0px !important;}\u00bb][vc_column][vc_column_text]Despu\u00e9s de m\u00e1s de dos d\u00e9cadas dedicados a la consultor\u00eda y formaci\u00f3n de directivos de clubes de fitness y tras varias ediciones exitosas del PDD, abrimos una nueva edici\u00f3n del PDD online en el que adem\u00e1s de aprender, podr\u00e1s participar en sesiones de networking y foros con tus compa\u00f1eros y profesores.<\/p>\n<p>Este PDD online proporciona una visi\u00f3n innovadora del sector del fitness y de la gesti\u00f3n de empresas. Al acabar el programa estar\u00e1s m\u00e1s motivado y con mayor capacidad para afrontar nuevos retos profesionales y para llevar a tu empresa a un nivel superior.<\/p>\n<p>La Fitness Management School (FMS) aglutina el conocimiento de las escuelas de negocios, con la experiencia y el conocimiento reales de gestores de clubes de fitness.<\/p>\n<p>Por ese motivo, el claustro est\u00e1 compuesto por una mezcla de profesores de Business Schools y de profesionales del fitness con alta responsabilidad en clubes de renombre.<\/p>\n<p>El Programa de Desarrollo Directivo (PDD) se ha dise\u00f1ado para dar una formaci\u00f3n de escuela de negocios a los directivos del fitness, pero no una formaci\u00f3n meramente acad\u00e9mica, sino m\u00e1s bien una formaci\u00f3n pr\u00e1ctica y muy directa a la realidad de la gesti\u00f3n de un club. No se trata de un curso generalista de Management o de gesti\u00f3n deportiva, sino que es un curso espec\u00edfico de gesti\u00f3n de clubes de fitness, por lo que se ha dise\u00f1ado un programa que entra, desde la primera sesi\u00f3n, en contenidos de valor pr\u00e1ctico y 100% aplicables.<\/p>\n<p>&nbsp;<\/p>\n<p style=\"text-align: center;\"><strong>\u00a1JUNTOS HACEMOS AVANZAR EL FITNESS!<\/strong><\/p>\n<p>[\/vc_column_text][\/vc_column][\/vc_row][vc_row css=\u00bb.vc_custom_1591713384088{margin-right: 0px !important;margin-left: 0px !important;border-right-width: 0px !important;border-left-width: 0px !important;padding-top: 30px !important;padding-right: 0px !important;padding-bottom: 90px !important;padding-left: 0px !important;}\u00bb][vc_column width=\u00bb1\/2&#8243;][hala_button element_id=\u00bb1591713129694-77dab5be-91d1&#8243; template=\u00bbeyJ0ZW1wbGF0ZSI6ImRlZmF1bHQucGhwIiwibGluayI6eyJ0ZXh0IjoiRGVzY2FyZ2FyIFByb2dyYW1hIiwidXJsIjoiaHR0cHM6Ly93d3cuZm1zLmNvbS5lcy9pbmljaW8vcHJvZ3JhbWEtcGRkLW9ubGluZS8ifSwiaWNvbl9mb250X2NsYXNzIjoiZmFzIGZhLWFycm93LXJpZ2h0Iiwic2l6ZSI6Im1lZGl1bSIsInBvc2l0aW9uIjoidGV4dC1jZW50ZXIiLCJwb3NpdGlvbl9pY29uIjoicmlnaHQiLCJsYXlvdXQiOiJwcmltYXJ5In0=\u00bb][\/vc_column][vc_column width=\u00bb1\/2&#8243;][hala_button element_id=\u00bb1591713234217-07fe81fc-3f5a\u00bb template=\u00bbeyJ0ZW1wbGF0ZSI6ImRlZmF1bHQucGhwIiwibGluayI6eyJ0ZXh0IjoiSW5zY3JpYmlyc2UiLCJ1cmwiOiJodHRwczovL3d3dy5mbXMuY29tLmVzL2luaWNpby9pbnNjcmlwY2lvbi1wZGQtb25saW5lLyJ9LCJpY29uX2ZvbnRfY2xhc3MiOiJmYXMgZmEtYXJyb3ctcmlnaHQiLCJzaXplIjoibWVkaXVtIiwicG9zaXRpb24iOiJ0ZXh0LWNlbnRlciIsInBvc2l0aW9uX2ljb24iOiJyaWdodCIsImxheW91dCI6InByaW1hcnkifQ==\u00bb][\/vc_column][\/vc_row][vc_row full_width=\u00bbstretch_row_content_no_spaces\u00bb equal_height=\u00bbyes\u00bb content_placement=\u00bbbottom\u00bb css=\u00bb.vc_custom_1603710659308{margin-bottom: 0px !important;border-bottom-width: 0px !important;padding-bottom: 0px !important;}\u00bb][vc_column][vc_single_image image=\u00bb2112&#8243; img_size=\u00bbfull\u00bb alignment=\u00bbcenter\u00bb css=\u00bb.vc_custom_1603710691419{margin-bottom: 0px !important;}\u00bb][\/vc_column][\/vc_row]<\/p>\n","protected":false},"excerpt":{"rendered":"<p>[vc_row css=\u00bb.vc_custom_1591545297095{margin-right: 0px !important;margin-left: 0px !important;border-right-width: 0px !important;border-left-width: 0px !important;padding-top: 30px !important;padding-right: 0px !important;padding-bottom: 30px !important;padding-left: 0px !important;}\u00bb][vc_column][vc_column_text]Despu\u00e9s de m\u00e1s de dos d\u00e9cadas dedicados a la consultor\u00eda y formaci\u00f3n de directivos de clubes de fitness y tras varias ediciones exitosas del PDD, abrimos una nueva edici\u00f3n del PDD online en el que adem\u00e1s de aprender, [&hellip;]<\/p>\n","protected":false},"author":1,"featured_media":0,"parent":0,"menu_order":0,"comment_status":"closed","ping_status":"closed","template":"","meta":[],"yoast_head":"<!-- This site is optimized with the Yoast SEO plugin v14.9 - https:\/\/yoast.com\/wordpress\/plugins\/seo\/ -->\n<title>Programa Directivo PDD Online | Fitness Management School \ud83c\udfcb\ufe0f<\/title>\n<meta name=\"description\" content=\"El Programa de Desarrollo Directivo (PDD) se ha dise\u00f1ado para dar una formaci\u00f3n de escuela de negocios a los directivos del fitness \ud83c\udfc5\" \/>\n<meta name=\"robots\" content=\"index, follow, max-snippet:-1, max-image-preview:large, max-video-preview:-1\" \/>\n<link rel=\"canonical\" href=\"https:\/\/www.fms.com.es\/inicio\/pdd-online\/\" \/>\n<meta property=\"og:locale\" content=\"es_ES\" \/>\n<meta property=\"og:type\" content=\"article\" \/>\n<meta property=\"og:title\" content=\"Programa Directivo PDD Online | Fitness Management School \ud83c\udfcb\ufe0f\" \/>\n<meta property=\"og:description\" content=\"El Programa de Desarrollo Directivo (PDD) se ha dise\u00f1ado para dar una formaci\u00f3n de escuela de negocios a los directivos del fitness \ud83c\udfc5\" \/>\n<meta property=\"og:url\" content=\"https:\/\/www.fms.com.es\/inicio\/pdd-online\/\" \/>\n<meta property=\"og:site_name\" content=\"Fitness Management School\" \/>\n<meta property=\"article:modified_time\" content=\"2021-07-20T08:13:58+00:00\" \/>\n<meta name=\"twitter:card\" content=\"summary_large_image\" \/>\n<script type=\"application\/ld+json\" class=\"yoast-schema-graph\">{\"@context\":\"https:\/\/schema.org\",\"@graph\":[{\"@type\":\"Organization\",\"@id\":\"https:\/\/www.fms.com.es\/inicio\/#organization\",\"name\":\"Fitness Management School\",\"url\":\"https:\/\/www.fms.com.es\/inicio\/\",\"sameAs\":[\"https:\/\/www.linkedin.com\/company\/fitness-management-school\/\"],\"logo\":{\"@type\":\"ImageObject\",\"@id\":\"https:\/\/www.fms.com.es\/inicio\/#logo\",\"inLanguage\":\"es\",\"url\":\"https:\/\/www.fms.com.es\/wp-content\/uploads\/2019\/08\/fms-icon.png\",\"width\":44,\"height\":43,\"caption\":\"Fitness Management School\"},\"image\":{\"@id\":\"https:\/\/www.fms.com.es\/inicio\/#logo\"}},{\"@type\":\"WebSite\",\"@id\":\"https:\/\/www.fms.com.es\/inicio\/#website\",\"url\":\"https:\/\/www.fms.com.es\/inicio\/\",\"name\":\"Fitness Management School\",\"description\":\"\\ud83c\\udfc5 Formaci\\u00f3n de alto nivel para directivos y gestores de fitness \\ud83d\\udd1c  Pr\\u00f3xima formaci\\u00f3n: Programa Desarrollo Directivo\",\"publisher\":{\"@id\":\"https:\/\/www.fms.com.es\/inicio\/#organization\"},\"potentialAction\":[{\"@type\":\"SearchAction\",\"target\":\"https:\/\/www.fms.com.es\/inicio\/?s={search_term_string}\",\"query-input\":\"required name=search_term_string\"}],\"inLanguage\":\"es\"},{\"@type\":\"WebPage\",\"@id\":\"https:\/\/www.fms.com.es\/inicio\/pdd-online\/#webpage\",\"url\":\"https:\/\/www.fms.com.es\/inicio\/pdd-online\/\",\"name\":\"Programa Directivo PDD Online | Fitness Management School \\ud83c\\udfcb\\ufe0f\",\"isPartOf\":{\"@id\":\"https:\/\/www.fms.com.es\/inicio\/#website\"},\"datePublished\":\"2020-06-09T14:40:53+00:00\",\"dateModified\":\"2021-07-20T08:13:58+00:00\",\"description\":\"El Programa de Desarrollo Directivo (PDD) se ha dise\\u00f1ado para dar una formaci\\u00f3n de escuela de negocios a los directivos del fitness \\ud83c\\udfc5\",\"inLanguage\":\"es\",\"potentialAction\":[{\"@type\":\"ReadAction\",\"target\":[\"https:\/\/www.fms.com.es\/inicio\/pdd-online\/\"]}]}]}<\/script>\n<!-- \/ Yoast SEO plugin. -->","_links":{"self":[{"href":"https:\/\/www.fms.com.es\/inicio\/wp-json\/wp\/v2\/pages\/1872"}],"collection":[{"href":"https:\/\/www.fms.com.es\/inicio\/wp-json\/wp\/v2\/pages"}],"about":[{"href":"https:\/\/www.fms.com.es\/inicio\/wp-json\/wp\/v2\/types\/page"}],"author":[{"embeddable":true,"href":"https:\/\/www.fms.com.es\/inicio\/wp-json\/wp\/v2\/users\/1"}],"replies":[{"embeddable":true,"href":"https:\/\/www.fms.com.es\/inicio\/wp-json\/wp\/v2\/comments?post=1872"}],"version-history":[{"count":31,"href":"https:\/\/www.fms.com.es\/inicio\/wp-json\/wp\/v2\/pages\/1872\/revisions"}],"predecessor-version":[{"id":2855,"href":"https:\/\/www.fms.com.es\/inicio\/wp-json\/wp\/v2\/pages\/1872\/revisions\/2855"}],"wp:attachment":[{"href":"https:\/\/www.fms.com.es\/inicio\/wp-json\/wp\/v2\/media?parent=1872"}],"curies":[{"name":"wp","href":"https:\/\/api.w.org\/{rel}","templated":true}]}}